d(9).
31
Let l(s) = -s**2 - 73*s + 635. What is l(8)?
-13
Let q(i) = 431*i + 6903. What is q(-16)?
7
Let d(x) = 2*x**3 + 7*x**2 - 125*x - 378. Give d(-3).
6
Let u(c) = -562*c - 3416. Calculate u(-6).
-44
Let i(n) = 2*n**3 - 40*n**2 + 35*n + 36. Calculate i(19).
-21
Let m(h) = h**2 + 91*h + 2017. What is m(-41)?
-33
Let x(b) = -b**2 + 8*b + 1232. Determine x(-31).
23
Let d(f) = -3*f - 234. Calculate d(-79).
3
Let k(r) = 8219*r + 139721. Give k(-17).
-2
Let n(u) = u**3 + 9*u**2 + 70*u + 802. Calculate n(-10).
2
Let h(c) = -c**2 - 187*c + 41655. What is h(131)?
-3
Let o(g) = g**2 + 227*g + 3029. Calculate o(-14).
47
Let b(a) = -11*a - 2. What is b(-14)?
152
Let a(w) = -w**2 - 30*w + 386. Determine a(10).
-14
Let w(t) = 3*t**2 + 114*t - 584. Determine w(5).
61
Let p(i) = 4*i - 53. Determine p(9).
-17
Let w(q) = q**3 - 19*q**2 - 75*q + 20. Give w(-4).
-48
Let c(p) = p**3 - 43*p**2 + 89*p - 305. Calculate c(41).
-18
Let z(h) = -746*h - 3731. What is z(-5)?
-1
Let a(i) = -i**2 + 90*i - 1743. What is a(29)?
26
Let m(t) = t**3 - 27*t**2 + 169*t + 54. Determine m(17).
37
Let g(f) = -6*f**2 + 5*f + 54. What is g(-6)?
-192
Let c(s) = -2*s**2 + 71*s + 125. Give c(-2).
-25
Let x(g) = 99*g**2 + 343*g - 343. Determine x(1).
99
Let i(w) = w + 80. Determine i(-41).
39
Let t(u) = 8*u + 960. Calculate t(0).
960
Let f(b) = b**2 + 12*b - 67. What is f(-17)?
18
Let a(k) = -k**2 - 991*k - 35293. Give a(-37).
5
Let t(d) = 182*d + 20933. Determine t(-115).
3
Let h(d) = 28*d**2 - 1152*d + 161. Calculate h(41).
-3
Let p(v) = -7*v + 94. Give p(20).
-46
Let h(j) = -112*j - 4. Determine h(3).
-340
Let j(t) = -20*t**2 + 3*t. Calculate j(-5).
-515
Let k(z) = -z**3 + 23*z**2 - 49*z + 138. Determine k(21).
-9
Let a(n) = -3*n**3 - 198*n**2 - 11*n - 725. Give a(-66).
1
Let z(f) = 14*f**2 + 24*f - 23. What is z(1)?
15
Let k(n) = 4*n**2 - 12*n + 24. Determine k(3).
24
Let l(h) = -23*h - 84. Determine l(-6).
54
Let w(d) = 9056*d + 72440. Calculate w(-8).
-8
Let g(t) = 41*t + 117. Calculate g(-4).
-47
Let n(b) = -3*b + 51. Determine n(-20).
111
Let r(g) = 2*g**3 + 73*g**2 + 127*g + 3291. Determine r(-36).
15
Let d(z) = -z**2 - 112*z - 1596. Determine d(-17).
19
Let x(p) = -79*p**2 + 5*p + 13. Calculate x(-3).
-713
Let q(o) = -o**2 + 19*o + 162. Give q(-8).
-54
Let h(z) = 30*z + 250. Determine h(-9).
-20
Let k(f) = -554*f - 4976. Calculate k(-9).
10
Let z(v) = 1728*v + 6942. Determine z(-4).
30
Let o(y) = 184*y + 658. Calculate o(-5).
-262
Let p(m) = -321*m + 9956. Calculate p(31).
5
Let n(o) = -7*o**3 + o**2 + 10*o + 14. Determine n(-4).
438
Let c(w) = 60*w + 237. Determine c(0).
237
Let a(g) = 5*g**2 - 48*g + 1. Determine a(8).
-63
Let a(o) = -2*o**2 - 116*o + 905. Calculate a(7).
-5
Let b(z) = z**3 + 12*z**2 + 6*z - 152. Give b(-10).
-12
Let w(n) = 441*n + 2211. What is w(-5)?
6
Let n(u) = 14*u**2 - 12*u + 1. Determine n(2).
33
Let p(b) = -39*b + 126. Give p(3).
9
Let x(k) = 55*k - 255. Determine x(5).
20
Let y(b) = 88*b + 6. Calculate y(0).
6
Let g(x) = -2*x**2 - 195*x - 592. Give g(-3).
-25
Let n(o) = -210*o**2 + 16170*o + 2. Give n(77).
2
Let g(n) = -n**3 + 147*n**2 - 126*n - 2932. Calculate g(146).
-12
Let a(d) = d**2 - 10*d - 57. Give a(14).
-1
Let l(r) = 39*r - 1061. What is l(26)?
-47
Let z(w) = -w**3 - 4*w**2 + 17*w - 39. Calculate z(-7).
-11
Let z(l) = -2*l**2 + 308*l + 922. Determine z(-3).
-20
Let n(j) = -j**3 - 21*j**2 - 29*j - 151. Determine n(-20).
29
Let n(o) = o**3 - 16*o**2 + 16*o - 7. Calculate n(15).
8
Let t(f) = -f**2 - 12*f + 34. Determine t(6).
-74
Let u(n) = -6106*n + 67174. Determine u(11).
8
Let j(w) = -6*w**3 + 11*w**2 + 6*w - 8. Give j(4).
-192
Let n(j) = -6*j**2 - 47*j + 26. Give n(-10).
-104
Let f(l) = 16*l**3 - 3*l**2 - 5*l + 17. Determine f(2).
123
Let c(k) = -k**3 + 11*k**2 - 22*k + 31. Determine c(9).
-5
Let z(s) = s**3 + 4*s**2 + 3*s + 5. Determine z(-4).
-7
Let k(l) = l**2 - 25*l - 8. What is k(16)?
-152
Let h(z) = 1344*z - 83318. What is h(62)?
10
Let r(z) = 5*z**3 + 32*z**2 - z - 23. Calculate r(-7).
-163
Let w(t) = 301*t - 1500. Calculate w(5).
5
Let c(i) = 2*i**3 + 22*i**2 - 84*i + 10. Give c(-14).
10
Let x(s) = -14738*s - 14728. Determine x(-1).
10
Let j(r) = -5*r**2 - 150*r - 887. Determine j(-22).
-7
Let l(f) = -13*f**2 - 78*f + 1450. Determine l(8).
-6
Let w(b) = 2*b - 50. Determine w(-4).
-58
Let w(k) = -k**3 + 14*k**2 - 31*k. Calculate w(14).
-434
Let g(v) = v**2 + 28*v - 54. What is g(-13)?
-249
Let z(g) = -3*g**3 + 516*g**2 - 2990*g + 323. Give z(166).
-9
Let d(f) = -8*f**2 - 881*f - 111. What is d(-110)?
-1
Let c(m) = -m**2 + 232*m - 3454. Calculate c(16).
2
Let h(d) = -40*d - 721. What is h(-18)?
-1
Let t(l) = -l**3 - 18*l**2 + 244*l + 108. Determine t(-27).
81
Let k(r) = -r**2 - 3311*r - 29730. Give k(-9).
-12
Let j(k) = 266*k - 13682. Give j(51).
-116
Let t(h) = h**3 + 69*h**2 + 99*h + 2133. What is t(-68)?
25
Let m(s) = -26*s**2 - 285*s - 3. Determine m(-11).
-14
Let q(a) = -345*a + 31050. Determine q(90).
0
Let q(m) = -2*m**3 + 8*m**2 - 10*m + 2. Determine q(4).
-38
Let y(n) = -n**3 + 36*n**2 - 206*n - 1. Determine y(7).
-22
Let x(h) = -h**3 - 38*h**2 + 593*h - 356. Calculate x(-50).
-6
Let c(t) = -2*t**3 + 10*t**2 - 91*t + 147. Calculate c(2).
-11
Let q(p) = -2*p**3 + 133*p**2 - 46*p - 1316. Determine q(66).
4
Let v(p) = -6379*p + 19149. Determine v(3).
12
Let i(y) = -5*y**2 - 5*y - 3. Calculate i(1).
-13
Let t(s) = s**3 + 145*s**2 - 751*s + 17. Calculate t(5).
12
Let g(w) = 7*w**2 - 712*w + 520. Calculate g(101).
15
Let i(f) = -f**2 - 427*f + 3920. Give i(9).
-4
Let x(b) = -b**3 + 12*b**2 - 9*b + 85. What is x(13)?
-201
Let q(z) = 2*z**2 + 13*z - 117. What is q(-18)?
297
Let p(r) = 18*r**3 + 14*r**2 - 23*r - 2. Give p(2).
152
Let j(p) = 29*p**2 - 131*p - 70. What is j(5)?
0
Let u(k) = -k**3 + 10*k**2 + 296*k + 7. Determine u(-13).
46
Let n(v) = v**2 + 45*v + 388. Give n(-26).
-106
Let z(t) = 8*t**2 + 168*t - 491. What is z(3)?
85
Let b(j) = 9*j**2 - j - 889. Determine b(0).
-889
Let g(o) = 36*o - 152. What is g(0)?
-152
Let n(z) = 2*z**3 - 99*z**2 - 62*z + 406. What is n(50)?
-194
Let w(x) = -2*x**3 - 43*x**2 - 20*x + 6. Give w(-21).
-15
Let u(n) = n**3 - 18*n**2 - 378*n + 3183. Calculate u(7).
-2
Let p(a) = -a**2 - 141*a + 7909. Calculate p(-184).
-3
Let y(k) = k**3 + 2*k**2 - 40*k + 14. Give y(-8).
-50
Let d(j) = -325*j - 1182. Calculate d(-4).
118
Let k(h) = -h**3 - 73*h**2 + 560*h - 28. Determine k(-80).
-28
Let u(y) = 49*y - 245. Determine u(5).
0
Let q(i) = 731*i + 4. Give q(-1).
-727
Let b(f) = -f**2 + 111*f - 627. Determine b(6).
3
Let j(z) = -z**3 + 44*z**2 + 96*z - 2321. Give j(45).
-26
Let q(l) = -279*l - 20083. Determine q(-72).
5
Let o(z) = z**2 - 113*z + 1016. Determine o(103).
-14
Let o(l) = -2410*l - 28956. Determine o(-12).
-36
Let r(x) = -14*x**2 + 295*x - 322. Determine r(20).
-22
Let g(t) = 23*t + 68. Calculate g(-3).
-1
Let c(w) = w**2 + 24*w - 153. Calculate c(12).
279
Let p(r) = -192*r**2 - 1527*r + 72. Calculate p(-8).
0
Let j(z) = -z**3 + 6*z**2 + 4*z + 14. Determine j(6).
38
Let r(m) = m**3 - 18*m**2 + 77*m - 63. Determine r(9).
-99
Let a(f) = -f**2 - 251*f + 17559. Calculate a(57).
3
Let r(f) = f**3 - 65*f**2 + 194*f - 587. Give r(62).
-91
Let o(q) = -153*q + 88. Calculate o(-5).
853
Let m(i) = -i**2 + 118*i + 1827. Determine m(-14).
-21
Let p(l) = 14*l**3 + 617*l**2 + 46*l + 85. What is p(-44)?
-3
Let b(n) = -n**3 - 5*n**2 - 18*n + 11. Give b(0).
11
Let b(f) = -3114*f - 3189. Determine b(-1).
-75
Let l(y) = 14*y + 150. What is l(3)?
192
Let a(q) = -387*q - 4061. What is a(-11)?
196
Let g(j) = -2*j**3 + 23*j**2 - 24*j + 16. What is g(11)?
-127
Let v(k) = 376*k + 6764. What is v(-18)?
-4
Let n(q) = q**3 - 14*q**2 + 34*q - 2. Calculate n(11).
9
Let h(x) = 3*x**2 + 27*x - 61. Calculate h(7).
275
Let b(z) = 51*z**3 - 3*z**2 + 3*z - 1. Calculate b(2).
401
Let c(p) = p**3 - p**2 - 1120*p + 61. Calculate c(-33).
-5
Let c(i) = i**3 - 132*i**2 - 408*i + 398. What is c(135)?
-7
Let r(q) = -q**2 + 480*q + 7954. What is r(-16)?
18
Let v(z) = z**2 + 26*z + 125. Give v(-21).
20
Let q(y) = -y**3 - 2*y**2 - 30*y - 251. What is q(-5)?
-26
Let l(k) = 3*k + 338. Determine l(38).
452
Let p(k) = -699*k - 3492. Give p(-5).
3
Let s(x) = -x**2 + 15*x + 55. Determine s(17).
21
Let r(s) = -s**3 - 5*s**2 + 35*s + 100. Calc